he remainder when 39982 is divided by 303.
289
Calculate the remainder when 31775 is divided by 7.
2
What is the remainder when 3101175 is divided by 62?
59
Calculate the remainder when 10504 is divided by 206.
204
Calculate the remainder when 1906 is divided by 53.
51
What is the remainder when 383 is divided by 40?
23
What is the remainder when 18045 is divided by 784?
13
Calculate the remainder when 1218 is divided by 501.
216
Calculate the remainder when 66348 is divided by 461.
425
Calculate the remainder when 209073 is divided by 28.
25
What is the remainder when 1052 is divided by 48?
44
What is the remainder when 271 is divided by 141?
130
Calculate the remainder when 3627 is divided by 350.
127
What is the remainder when 37606 is divided by 158?
2
Calculate the remainder when 1828 is divided by 968.
860
Calculate the remainder when 19847 is divided by 189.
2
Calculate the remainder when 19692 is divided by 87.
30
Calculate the remainder when 738374 is divided by 75.
74
Calculate the remainder when 510038 is divided by 78.
74
Calculate the remainder when 477 is divided by 127.
96
Calculate the remainder when 32829 is divided by 597.
591
What is the remainder when 2524 is divided by 824?
52
What is the remainder when 2146678 is divided by 1780?
1778
Calculate the remainder when 1269594 is divided by 92.
86
Calculate the remainder when 237376 is divided by 415.
411
What is the remainder when 472 is divided by 121?
109
What is the remainder when 25533 is divided by 1416?
45
What is the remainder when 184509 is divided by 992?
989
Calculate the remainder when 259 is divided by 185.
74
What is the remainder when 5190 is divided by 216?
6
Calculate the remainder when 1679 is divided by 155.
129
Calculate the remainder when 1459705 is divided by 38.
11
What is the remainder when 5452 is divided by 1285?
312
What is the remainder when 81003 is divided by 40498?
7
Calculate the remainder when 33436 is divided by 54.
10
What is the remainder when 2281 is divided by 383?
366
Calculate the remainder when 4871 is divided by 47.
30
What is the remainder when 6014 is divided by 1495?
34
What is the remainder when 579 is divided by 491?
88
Calculate the remainder when 232845 is divided by 528.
525
Calculate the remainder when 135108 is divided by 19.
18
Calculate the remainder when 440768 is divided by 15.
8
Calculate the remainder when 10958 is divided by 243.
23
Calculate the remainder when 205089 is divided by 6615.
24
What is the remainder when 25125 is divided by 34?
33
What is the remainder when 1238 is divided by 100?
38
What is the remainder when 885149 is divided by 315?
314
Calculate the remainder when 323985 is divided by 1421.
1418
What is the remainder when 9848 is divided by 821?
817
What is the remainder when 63643 is divided by 31820?
3
Calculate the remainder when 3395 is divided by 341.
326
Calculate the remainder when 35589 is divided by 1976.
21
What is the remainder when 60526 is divided by 796?
30
What is the remainder when 9074 is divided by 690?
104
Calculate the remainder when 66776 is divided by 36.
32
Calculate the remainder when 333895 is divided by 10.
5
What is the remainder when 7511 is divided by 475?
386
What is the remainder when 232561 is divided by 89?
4
What is the remainder when 10203 is divided by 69?
60
Calculate the remainder when 162769 is divided by 337.
335
What is the remainder when 3137 is divided by 1422?
293
What is the remainder when 617 is divided by 434?
183
What is the remainder when 6361 is divided by 207?
151
Calculate the remainder when 142783 is divided by 120.
103
What is the remainder when 6597 is divided by 300?
297
What is the remainder when 3824 is divided by 3686?
138
Calculate the remainder when 5881 is divided by 300.
181
Calculate the remainder when 132627 is divided by 698.
7
Calculate the remainder when 1046 is divided by 941.
105
Calculate the remainder when 323878 is divided by 197.
10
What is the remainder when 102767 is divided by 3950?
67
Calculate the remainder when 59513 is divided by 578.
557
Calculate the remainder when 3595 is divided by 429.
163
Calculate the remainder when 1077 is divided by 100.
77
What is the remainder when 100814 is divided by 141?
140
What is the remainder when 987361 is divided by 295?
291
What is the remainder when 630 is divided by 109?
85
What is the remainder when 3686 is divided by 896?
102
What is the remainder when 6682 is divided by 44?
38
What is the remainder when 20580 is divided by 10286?
8
What is the remainder when 2462 is divided by 817?
11
Calculate the remainder when 18794 is divided by 348.
2
Calculate the remainder when 1432 is divided by 707.
18
What is the remainder when 58962 is divided by 4530?
72
Calculate the remainder when 11810 is divided by 980.
50
Calculate the remainder when 1005 is divided by 117.
69
What is the remainder when 11887 is divided by 981?
115
What is the remainder when 468517 is divided by 53?
50
What is the remainder when 476653 is divided by 99?
67
What is the remainder when 1433848 is divided by 1249?
1245
What is the remainder when 841133 is divided by 12?
5
What is the remainder when 20671 is divided by 10325?
21
Calculate the remainder when 358191 is divided by 861.
15
What is the remainder when 3612 is divided by 1153?
153
Calculate the remainder when 16703 is divided by 76.
59
What is the remainder when 32867 is divided by 1316?
1283
Calculate the remainder when 8256 is divided by 60.
36
Calculate the remainder when 41335 is divided by 13778.
1
What is the remainder when 77021 is divided by 478?
63
Calculate the remainder when 39875 is divided by 950.
925
Calculate the remainder when 19000 is divided by 39.
7
What is the remainder when 209836 is divided by 51?
22
What is the remainder when 12859 is divided by 856?
19
Calculate the remainder when 1242 is divided by 714.
528
What is the remainder when 3655 is divided by 1661?
333
Calculate the remainder when 38615 is divided by 6435.
5
Calculate the remainder when 1432539 is divided by 87.
84
Calculate the remainder when 2975 is divided by 216.
167
Calculate the remainder when 307974 is divided by 137.
135
What is the remainder when 235540 is divided by 37?
35
Calculate the remainder when 29723 is divided by 1414.
29
Calculate the remainder when 18446 is divided by 1346.
948
Calculate the remainder when 201497 is divided by 22388.
5
What is the remainder when 1124120 is divided by 62451?
2
Calculate the remainder when 76227 is divided by 38106.
15
What is the remainder when 162859 is divided by 143?
125
What is the remainder when 52525 is divided by 56?
53
Calculate the remainder when 1282 is divided by 33.
28
Calculate the remainder when 19870 is divided by 1970.
170
Calculate the remainder when 116460 is divided by 58220.
20
Calculate the remainder when 14921 is divided by 244.
37
What is the remainder when 5036 is divided by 420?
416
Calculate the remainder when 1059 is divided by 32.
3
What is the remainder when 79306 is divided by 496?
442
What is the remainder when 2762159 is divided by 136?
135
What is the remainder when 9227 is divided by 2271?
143
Calculate the remainder when 2209566 is divided by 116.
114
What is the remainder when 529 is divided by 195?
139
Calculate the remainder when 1339 is divided by 395.
154
What is the remainder when 18941 is divided by 74?
71
What is the remainder when 14360 is divided by 14346?
14
Calculate the remainder when 13344 is divided by 216.
168
Calculate the remainder when 1291541 is divided by 23.
22
What is the remainder when 14413 is divided by 379?
11
What is the remainder when 9015 is divided by 8893?
122
What is the remainder when 263 is divided by 37?
4
Calculate the remainder when 1999 is divided by 139.
53
Calculate the remainder when 30713 is divided by 7665.
53
What is the remainder when 5853 is divided by 595?
498
Calculate the remainder when 4301 is divided by 263.
93
What is the remainder when 3057 is divided by 602?
47
What is the remainder when 157154 is divided by 101?
99
What is the remainder when 2216 is divided by 572?
500
Calculate the remainder when 3835564 is divided by 62.
58
Calculate the remainder when 151193 is divided by 1172.
5
What is the remainder when 8110 is divided by 8